{"id":577,"date":"2023-08-02T11:48:00","date_gmt":"2023-08-02T11:48:00","guid":{"rendered":"https:\/\/fabrik.vamtam.com\/?page_id=577"},"modified":"2023-11-19T21:25:25","modified_gmt":"2023-11-19T20:25:25","slug":"audit","status":"publish","type":"page","link":"https:\/\/ateliers-lochois.com\/index.php\/savoir-faire\/audit\/","title":{"rendered":"02 I AUDIT DE L&#8217;EXISTANT"},"content":{"rendered":"<div class=\"vgblk-rw-wrapper limit-wrapper\">\n<style>\/*! elementor - v3.16.0 - 14-09-2023 *\/<br \/>\n.elementor-heading-title{padding:0;margin:0;line-height:1}.elementor-widget-heading .elementor-heading-title[class*=elementor-size-]>a{color:inherit;font-size:inherit;line-height:inherit}.elementor-widget-heading .elementor-heading-title.elementor-size-small{font-size:15px}.elementor-widget-heading .elementor-heading-title.elementor-size-medium{font-size:19px}.elementor-widget-heading .elementor-heading-title.elementor-size-large{font-size:29px}.elementor-widget-heading .elementor-heading-title.elementor-size-xl{font-size:39px}.elementor-widget-heading .elementor-heading-title.elementor-size-xxl{font-size:59px}<\/style>\n<h2><strong>1. Collecte d&#8217;informations :<\/strong><\/h2>\n<style>\/*! elementor - v3.16.0 - 14-09-2023 *\/<br \/>\n.elementor-column .elementor-spacer-inner{height:var(--spacer-size)}.e-con{--container-widget-width:100%}.e-con-inner>.elementor-widget-spacer,.e-con>.elementor-widget-spacer{width:var(--container-widget-width,var(--spacer-size));--align-self:var(--container-widget-align-self,initial);--flex-shrink:0}.e-con-inner>.elementor-widget-spacer>.elementor-widget-container,.e-con>.elementor-widget-spacer>.elementor-widget-container{height:100%;width:100%}.e-con-inner>.elementor-widget-spacer>.elementor-widget-container>.elementor-spacer,.e-con>.elementor-widget-spacer>.elementor-widget-container>.elementor-spacer{height:100%}.e-con-inner>.elementor-widget-spacer>.elementor-widget-container>.elementor-spacer>.elementor-spacer-inner,.e-con>.elementor-widget-spacer>.elementor-widget-container>.elementor-spacer>.elementor-spacer-inner{height:var(--container-widget-height,var(--spacer-size))}.e-con-inner>.elementor-widget-spacer.elementor-widget-empty,.e-con>.elementor-widget-spacer.elementor-widget-empty{position:relative;min-height:22px;min-width:22px}.e-con-inner>.elementor-widget-spacer.elementor-widget-empty .elementor-widget-empty-icon,.e-con>.elementor-widget-spacer.elementor-widget-empty .elementor-widget-empty-icon{position:absolute;top:0;bottom:0;left:0;right:0;margin:auto;padding:0;width:22px;height:22px}<\/style>\n<ul>\n<li>Rassemblez tous les documents techniques disponibles sur la charpente, tels que les plans, les sp\u00e9cifications de conception, les rapports d&#8217;inspection ant\u00e9rieurs, etc.<\/li>\n<li>Identifiez la date de construction de la charpente, les mat\u00e9riaux utilis\u00e9s et les normes de construction applicables \u00e0 l&#8217;\u00e9poque<\/li>\n<\/ul>\n<style>\/*! elementor - v3.16.0 - 14-09-2023 *\/<br \/>\n.elementor-widget-image{text-align:center}.elementor-widget-image a{display:inline-block}.elementor-widget-image a img[src$=\".svg\"]{width:48px}.elementor-widget-image img{vertical-align:middle;display:inline-block}<\/style>\n<p><img loading=\"lazy\" decoding=\"async\" class=\"\" src=\"http:\/\/ateliers-lochois.com\/wp-content\/uploads\/2023\/09\/carlos-aranda-SVUqHTVyn6w-unsplash.jpg\" sizes=\"auto, (max-width: 728px) 100vw, 728px\" srcset=\"http:\/\/ateliers-lochois.com\/wp-content\/uploads\/2023\/09\/carlos-aranda-SVUqHTVyn6w-unsplash.jpg 728w, http:\/\/ateliers-lochois.com\/wp-content\/uploads\/2023\/09\/carlos-aranda-SVUqHTVyn6w-unsplash-215x300.jpg 215w\" alt=\"\" width=\"353\" height=\"494\" \/><\/p>\n<h2><strong>2. Inspection visuelle :<\/strong><\/h2>\n<ul>\n<li>Effectuez une inspection visuelle de la charpente m\u00e9tallique, en portant une attention particuli\u00e8re aux zones critiques telles que les points de connexion, les soudures, les fixations, et les \u00e9l\u00e9ments de support.<\/li>\n<li>Recherchez des signes de corrosion, de d\u00e9formation, de fissures, ou d&#8217;autres d\u00e9fauts visibles<\/li>\n<\/ul>\n<h2><strong>1. Collecte d&#8217;informations :<\/strong><\/h2>\n<ul>\n<li>Rassemblez tous les documents techniques disponibles sur la charpente, tels que les plans, les sp\u00e9cifications de conception, les rapports d&#8217;inspection ant\u00e9rieurs, etc.<\/li>\n<li>Identifiez la date de construction de la charpente, les mat\u00e9riaux utilis\u00e9s et les normes de construction applicables \u00e0 l&#8217;\u00e9poque<\/li>\n<\/ul>\n<p><img loading=\"lazy\" decoding=\"async\" class=\"\" src=\"http:\/\/ateliers-lochois.com\/wp-content\/uploads\/2023\/09\/carlos-aranda-SVUqHTVyn6w-unsplash.jpg\" sizes=\"auto, (max-width: 728px) 100vw, 728px\" srcset=\"http:\/\/ateliers-lochois.com\/wp-content\/uploads\/2023\/09\/carlos-aranda-SVUqHTVyn6w-unsplash.jpg 728w, http:\/\/ateliers-lochois.com\/wp-content\/uploads\/2023\/09\/carlos-aranda-SVUqHTVyn6w-unsplash-215x300.jpg 215w\" alt=\"\" width=\"353\" height=\"494\" \/><\/p>\n<h2><strong>2. Inspection visuelle :<\/strong><\/h2>\n<ul>\n<li>Effectuez une inspection visuelle de la charpente m\u00e9tallique, en portant une attention particuli\u00e8re aux zones critiques telles que les points de connexion, les soudures, les fixations, et les \u00e9l\u00e9ments de support.<\/li>\n<li>Recherchez des signes de corrosion, de d\u00e9formation, de fissures, ou d&#8217;autres d\u00e9fauts visibles<\/li>\n<\/ul>\n<h5><\/h5>\n<h5><\/h5>\n<h5><\/h5>\n<h5><strong>3. Tests non destructifs (le cas \u00e9ch\u00e9ant) <\/strong><\/h5>\n<p>Si n\u00e9cessaire, r\u00e9alisez des tests non destructifs tels que des tests par ultrasons, magn\u00e9toscopie, radiographie, ou autres, pour d\u00e9tecter des d\u00e9fauts internes qui ne sont pas visibles \u00e0 l&#8217;\u0153il nu.<\/p>\n<h5><strong>4. \u00c9valuation de la capacit\u00e9 portante :<\/strong><\/h5>\n<ul>\n<li>\u00c9valuez la capacit\u00e9 portante actuelle de la charpente en fonction des charges de conception initiales et des normes en vigueur.<\/li>\n<li>Comparez ces donn\u00e9es avec les charges actuelles support\u00e9es par la charpente, notamment si des modifications ont \u00e9t\u00e9 apport\u00e9es au b\u00e2timent au fil du temps<\/li>\n<\/ul>\n<h5><strong>5. Analyse des d\u00e9faillances potentielles :<\/strong><\/h5>\n<ul>\n<li>Identifiez les \u00e9l\u00e9ments pr\u00e9sentant un risque potentiel de d\u00e9faillance et \u00e9valuez la gravit\u00e9 de ces risques.<\/li>\n<li>Proposez des mesures correctives pour rem\u00e9dier aux probl\u00e8mes identifi\u00e9s.<\/li>\n<\/ul>\n<h5><strong>6. Conformit\u00e9 aux normes et r\u00e9glementations : <\/strong><\/h5>\n<ul>\n<li>V\u00e9rifiez si la charpente m\u00e9tallique est conforme aux normes de construction en vigueur.<\/li>\n<li>Assurez-vous que la structure respecte les r\u00e8glements de s\u00e9curit\u00e9 et les codes du b\u00e2timent applicables.<\/li>\n<\/ul>\n<h5><strong>7. Rapport d&#8217;audit :<\/strong><\/h5>\n<p>Pr\u00e9parez un rapport d\u00e9taill\u00e9 de l&#8217;audit, comprenant les constatations, les recommandations, les \u00e9ventuels travaux \u00e0 entreprendre, et une \u00e9valuation du niveau de priorit\u00e9 de chaque recommandation<\/p><\/div>\n<p><!-- .vgblk-rw-wrapper --><\/p>\n","protected":false},"excerpt":{"rendered":"<p>L&#8217;audit de l&#8217;existant d&#8217;une charpente m\u00e9tallique est une d\u00e9marche visant \u00e0 \u00e9valuer l&#8217;\u00e9tat actuel de la structure m\u00e9tallique d&#8217;un b\u00e2timent. Cela peut \u00eatre n\u00e9cessaire pour diverses raisons, telles que la maintenance pr\u00e9ventive, la s\u00e9curit\u00e9 structurelle, la conformit\u00e9 aux normes en vigueur, ou encore dans le cadre de r\u00e9novations ou de modifications de la structure.<\/p>\n","protected":false},"author":1,"featured_media":9868,"parent":138,"menu_order":0,"comment_status":"closed","ping_status":"closed","template":"","meta":{"footnotes":""},"class_list":["post-577","page","type-page","status-publish","has-post-thumbnail","hentry"],"_links":{"self":[{"href":"https:\/\/ateliers-lochois.com\/index.php\/wp-json\/wp\/v2\/pages\/577","targetHints":{"allow":["GET"]}}],"collection":[{"href":"https:\/\/ateliers-lochois.com\/index.php\/wp-json\/wp\/v2\/pages"}],"about":[{"href":"https:\/\/ateliers-lochois.com\/index.php\/wp-json\/wp\/v2\/types\/page"}],"author":[{"embeddable":true,"href":"https:\/\/ateliers-lochois.com\/index.php\/wp-json\/wp\/v2\/users\/1"}],"replies":[{"embeddable":true,"href":"https:\/\/ateliers-lochois.com\/index.php\/wp-json\/wp\/v2\/comments?post=577"}],"version-history":[{"count":9,"href":"https:\/\/ateliers-lochois.com\/index.php\/wp-json\/wp\/v2\/pages\/577\/revisions"}],"predecessor-version":[{"id":987990,"href":"https:\/\/ateliers-lochois.com\/index.php\/wp-json\/wp\/v2\/pages\/577\/revisions\/987990"}],"up":[{"embeddable":true,"href":"https:\/\/ateliers-lochois.com\/index.php\/wp-json\/wp\/v2\/pages\/138"}],"wp:featuredmedia":[{"embeddable":true,"href":"https:\/\/ateliers-lochois.com\/index.php\/wp-json\/wp\/v2\/media\/9868"}],"wp:attachment":[{"href":"https:\/\/ateliers-lochois.com\/index.php\/wp-json\/wp\/v2\/media?parent=577"}],"curies":[{"name":"wp","href":"https:\/\/api.w.org\/{rel}","templated":true}]}}